{"id":70,"date":"2020-05-19T14:39:14","date_gmt":"2020-05-19T12:39:14","guid":{"rendered":"https:\/\/www.suwulzeshofen.at\/?page_id=70"},"modified":"2020-06-29T11:17:59","modified_gmt":"2020-06-29T09:17:59","slug":"beachhandball","status":"publish","type":"page","link":"https:\/\/www.suwulzeshofen.at\/?page_id=70","title":{"rendered":"Beachhandball"},"content":{"rendered":"\n<p>Hier stehen sich zwei Teams aus jeweils vier Spielern (inklusive Torh\u00fcter) auf einer 27m x 12m gro\u00dfen Sandfl\u00e4che gegen\u00fcber. \u00dcblicherweise werden zwei Halbzeiten \u00e1 10 Minuten gespielt, welche unabh\u00e4ngig voneinander gewertet werden.<\/p>\n\n\n\n<p>Im Gegensatz zum Hallenhandball gibt es je nach Art des Torwurfs unterschiedlich viele Punkte. F\u00fcr ein einfaches Tor erh\u00e4lt das Team einen Punkt. Der Torh\u00fcter darf ins Angriffsspiel miteinbezogen werden bzw. durch einen speziell gekennzeichneten Schl\u00fcsselspieler ersetzt werden. Torw\u00fcrfe durch diesen Schl\u00fcsselspieler (Torh\u00fcter oder f\u00fcr diesen eingewechselter 4. Feldspieler) z\u00e4hlen zwei Punkte. Ebenfalls gibt es f\u00fcr einen <em>Spin-Shoot<\/em> (Sprungwurf mit Drehung um die eigene Achse) oder f\u00fcr den \u201eKempa-Trick\u201c (im Flug gefangen und geworfener Treffer) nach IHF- und EHF-Regelwerk zwei Punkte, teilweise nach Regeln des jeweiligen Verbandes (Frankreich, Schweiz) sogar drei Z\u00e4hler. Das Prellen des Balles ist \u2013 bedingt durch die Sandspielfl\u00e4che \u2013 so gut wie unm\u00f6glich. Statt ihn zu prellen, kann der Ballbesitzer den Ball aber am Boden rollen. Der ballf\u00fchrende Spieler darf drei Schritte mit dem Ball gehen oder laufen, bevor er ihn abspielt oder auf das Tor wirft. Gespielt wird mit B\u00e4llen, die von normalen Hallenhandb\u00e4llen kaum zu unterscheiden sind, jedoch eine etwas andere Beschichtung haben, um auf der staubigen Spielfl\u00e4che dennoch griffig zu sein. Zudem werden kleinere B\u00e4lle als beim Hallenhandball verwendet. Das \u201eHarzen\u201c des Balles \u2013 wie es beim Hallenhandball vor allem in den oberen Spielklassen \u00fcblich ist, um eine bessere Griffigkeit zu erhalten \u2013 ist bedingt durch die Sandspielfl\u00e4che nicht m\u00f6glich.<\/p>\n\n\n\n<figure class=\"wp-block-embed-youtube wp-block-embed is-type-video is-provider-youtube wp-embed-aspect-16-9 wp-has-aspect-ratio\"><div class=\"wp-block-embed__wrapper\">\n<div class=\"nv-iframe-embed\"><iframe loading=\"lazy\" title=\"BEACH HANDBALL BEST OF 2018!! HD\" width=\"1200\" height=\"675\" src=\"https:\/\/www.youtube.com\/embed\/PbosiSGQegA?feature=oembed\" frameborder=\"0\" allow=\"accelerometer; autoplay; encrypted-media; gyroscope; picture-in-picture\" allowfullscreen><\/iframe><\/div>\n<\/div><\/figure>\n","protected":false},"excerpt":{"rendered":"<p>Hier stehen sich zwei Teams aus jeweils vier Spielern (inklusive Torh\u00fcter) auf einer 27m x 12m gro\u00dfen Sandfl\u00e4che gegen\u00fcber. \u00dcblicherweise werden zwei Halbzeiten \u00e1 10 Minuten gespielt, welche unabh\u00e4ngig voneinander gewertet werden. Im Gegensatz zum Hallenhandball gibt es je nach Art des Torwurfs unterschiedlich viele Punkte. F\u00fcr ein einfaches Tor erh\u00e4lt das Team einen Punkt.&hellip;&nbsp;<a href=\"https:\/\/www.suwulzeshofen.at\/?page_id=70\" rel=\"bookmark\"><span class=\"screen-reader-text\">Beachhandball<\/span><\/a><\/p>\n","protected":false},"author":1,"featured_media":0,"parent":0,"menu_order":0,"comment_status":"closed","ping_status":"closed","template":"","meta":{"pmpro_default_level":"","neve_meta_sidebar":"","neve_meta_container":"","neve_meta_enable_content_width":"off","neve_meta_content_width":0,"neve_meta_title_alignment":"","neve_meta_author_avatar":"","neve_post_elements_order":"","neve_meta_disable_header":"","neve_meta_disable_footer":"","neve_meta_disable_title":"","footnotes":""},"class_list":["post-70","page","type-page","status-publish","hentry","pmpro-has-access"],"_links":{"self":[{"href":"https:\/\/www.suwulzeshofen.at\/index.php?rest_route=\/wp\/v2\/pages\/70","targetHints":{"allow":["GET"]}}],"collection":[{"href":"https:\/\/www.suwulzeshofen.at\/index.php?rest_route=\/wp\/v2\/pages"}],"about":[{"href":"https:\/\/www.suwulzeshofen.at\/index.php?rest_route=\/wp\/v2\/types\/page"}],"author":[{"embeddable":true,"href":"https:\/\/www.suwulzeshofen.at\/index.php?rest_route=\/wp\/v2\/users\/1"}],"replies":[{"embeddable":true,"href":"https:\/\/www.suwulzeshofen.at\/index.php?rest_route=%2Fwp%2Fv2%2Fcomments&post=70"}],"version-history":[{"count":3,"href":"https:\/\/www.suwulzeshofen.at\/index.php?rest_route=\/wp\/v2\/pages\/70\/revisions"}],"predecessor-version":[{"id":316,"href":"https:\/\/www.suwulzeshofen.at\/index.php?rest_route=\/wp\/v2\/pages\/70\/revisions\/316"}],"wp:attachment":[{"href":"https:\/\/www.suwulzeshofen.at\/index.php?rest_route=%2Fwp%2Fv2%2Fmedia&parent=70"}],"curies":[{"name":"wp","href":"https:\/\/api.w.org\/{rel}","templated":true}]}}