{"id":66,"date":"2020-05-19T14:38:42","date_gmt":"2020-05-19T12:38:42","guid":{"rendered":"https:\/\/www.suwulzeshofen.at\/?page_id=66"},"modified":"2020-06-29T11:19:12","modified_gmt":"2020-06-29T09:19:12","slug":"beachtennis","status":"publish","type":"page","link":"https:\/\/www.suwulzeshofen.at\/?page_id=66","title":{"rendered":"Beachtennis"},"content":{"rendered":"\n<p>Beim Beachtennis wird im Doppel ebenso wie im Beachvolleyball auf ein Feld mit 16m x 8x gespielt. Die Netzh\u00f6he betr\u00e4gt 1,7m. Im Einzel wird auf 16m x 5m gespielt. Die Spielger\u00e4te bei der Beachversion des Tennissports sind sogenannte Paddelschl\u00e4ger und Methodikb\u00e4lle (Stage 2).<\/p>\n\n\n\n<div class=\"wp-block-buttons is-layout-flex wp-block-buttons-is-layout-flex\">\n<div class=\"wp-block-button\"><a class=\"wp-block-button__link\" href=\"https:\/\/www.oetv.at\/oetv\/referate\/beachtennis.html\" target=\"_blank\" rel=\"noreferrer noopener\">regeln<\/a><\/div>\n<\/div>\n\n\n\n<figure class=\"wp-block-embed-youtube wp-block-embed is-type-video is-provider-youtube wp-embed-aspect-16-9 wp-has-aspect-ratio\"><div class=\"wp-block-embed__wrapper\">\n<div class=\"nv-iframe-embed\"><iframe loading=\"lazy\" title=\"Beach Tennis World Championships 2019 | Top 10 Shots | Day 3 | ITF\" width=\"1200\" height=\"675\" src=\"https:\/\/www.youtube.com\/embed\/FDDp1dFxjX8?feature=oembed\" frameborder=\"0\" allow=\"accelerometer; autoplay; encrypted-media; gyroscope; picture-in-picture\" allowfullscreen><\/iframe><\/div>\n<\/div><\/figure>\n","protected":false},"excerpt":{"rendered":"<p>Beim Beachtennis wird im Doppel ebenso wie im Beachvolleyball auf ein Feld mit 16m x 8x gespielt. Die Netzh\u00f6he betr\u00e4gt 1,7m. Im Einzel wird auf 16m x 5m gespielt. Die Spielger\u00e4te bei der Beachversion des Tennissports sind sogenannte Paddelschl\u00e4ger und Methodikb\u00e4lle (Stage 2).<\/p>\n","protected":false},"author":1,"featured_media":0,"parent":0,"menu_order":0,"comment_status":"closed","ping_status":"closed","template":"","meta":{"pmpro_default_level":"","neve_meta_sidebar":"","neve_meta_container":"","neve_meta_enable_content_width":"off","neve_meta_content_width":0,"neve_meta_title_alignment":"","neve_meta_author_avatar":"","neve_post_elements_order":"","neve_meta_disable_header":"","neve_meta_disable_footer":"","neve_meta_disable_title":"","footnotes":""},"class_list":["post-66","page","type-page","status-publish","hentry","pmpro-has-access"],"_links":{"self":[{"href":"https:\/\/www.suwulzeshofen.at\/index.php?rest_route=\/wp\/v2\/pages\/66","targetHints":{"allow":["GET"]}}],"collection":[{"href":"https:\/\/www.suwulzeshofen.at\/index.php?rest_route=\/wp\/v2\/pages"}],"about":[{"href":"https:\/\/www.suwulzeshofen.at\/index.php?rest_route=\/wp\/v2\/types\/page"}],"author":[{"embeddable":true,"href":"https:\/\/www.suwulzeshofen.at\/index.php?rest_route=\/wp\/v2\/users\/1"}],"replies":[{"embeddable":true,"href":"https:\/\/www.suwulzeshofen.at\/index.php?rest_route=%2Fwp%2Fv2%2Fcomments&post=66"}],"version-history":[{"count":3,"href":"https:\/\/www.suwulzeshofen.at\/index.php?rest_route=\/wp\/v2\/pages\/66\/revisions"}],"predecessor-version":[{"id":317,"href":"https:\/\/www.suwulzeshofen.at\/index.php?rest_route=\/wp\/v2\/pages\/66\/revisions\/317"}],"wp:attachment":[{"href":"https:\/\/www.suwulzeshofen.at\/index.php?rest_route=%2Fwp%2Fv2%2Fmedia&parent=66"}],"curies":[{"name":"wp","href":"https:\/\/api.w.org\/{rel}","templated":true}]}}